the ten thousands digit of 1189645?
8
What is the tens digit of 749342?
4
What is the hundreds digit of 142491?
4
What is the hundred thousands digit of 6827753?
8
What is the units digit of 110578?
8
What is the hundreds digit of 941422?
4
What is the hundreds digit of 1003187?
1
What is the hundred thousands digit of 377262?
3
What is the units digit of 3419228?
8
What is the tens digit of 939637?
3
What is the hundred thousands digit of 4778854?
7
What is the units digit of 10782?
2
What is the hundred thousands digit of 1531329?
5
What is the tens digit of 622681?
8
What is the thousands digit of 8601972?
1
What is the ten thousands digit of 61818?
6
What is the hundreds digit of 6275781?
7
What is the ten thousands digit of 433246?
3
What is the hundred thousands digit of 808637?
8
What is the tens digit of 265304?
0
What is the units digit of 4599795?
5
What is the tens digit of 52739?
3
What is the millions digit of 1917472?
1
What is the ten thousands digit of 4955656?
5
What is the hundreds digit of 603865?
8
What is the hundreds digit of 78423?
4
What is the millions digit of 2147047?
2
What is the ten thousands digit of 927732?
2
What is the hundred thousands digit of 425653?
4
What is the tens digit of 999918?
1
What is the units digit of 2561898?
8
What is the ten thousands digit of 7259700?
5
What is the hundred thousands digit of 554152?
5
What is the units digit of 673731?
1
What is the tens digit of 9845432?
3
What is the thousands digit of 611524?
1
What is the hundreds digit of 369152?
1
What is the tens digit of 10561014?
1
What is the ten thousands digit of 527500?
2
What is the millions digit of 9617979?
9
What is the thousands digit of 1288351?
8
What is the hundreds digit of 258305?
3
What is the ten thousands digit of 443881?
4
What is the thousands digit of 722159?
2
What is the ten millions digit of 41854083?
4
What is the hundreds digit of 804158?
1
What is the tens digit of 9278685?
8
What is the ten thousands digit of 764357?
6
What is the thousands digit of 3293483?
3
What is the hundreds digit of 32898251?
2
What is the ten thousands digit of 32258?
3
What is the ten thousands digit of 1280237?
8
What is the thousands digit of 3018245?
8
What is the hundred thousands digit of 4605487?
6
What is the ten thousands digit of 908009?
0
What is the hundred thousands digit of 173772?
1
What is the hundred thousands digit of 4341552?
3
What is the thousands digit of 538274?
8
What is the hundreds digit of 18857066?
0
What is the thousands digit of 706453?
6
What is the hundreds digit of 1328708?
7
What is the units digit of 127061?
1
What is the ten thousands digit of 4143144?
4
What is the hundred thousands digit of 26317626?
3
What is the ten thousands digit of 15935692?
3
What is the thousands digit of 3568410?
8
What is the hundred thousands digit of 520169?
5
What is the millions digit of 8571618?
8
What is the hundred thousands digit of 545265?
5
What is the hundreds digit of 3528311?
3
What is the hundreds digit of 529922?
9
What is the millions digit of 1605241?
1
What is the units digit of 383950?
0
What is the units digit of 1830298?
8
What is the ten thousands digit of 13766003?
6
What is the thousands digit of 641608?
1
What is the hundred thousands digit of 151288?
1
What is the hundred thousands digit of 8229333?
2
What is the ten thousands digit of 4242366?
4
What is the ten thousands digit of 1270596?
7
What is the hundreds digit of 3737116?
1
What is the ten thousands digit of 1001802?
0
What is the ten thousands digit of 10184578?
8
What is the hundreds digit of 156875?
8
What is the units digit of 526393?
3
What is the units digit of 77015?
5
What is the tens digit of 8737651?
5
What is the units digit of 1301668?
8
What is the units digit of 298281?
1
What is the tens digit of 5129063?
6
What is the units digit of 1606783?
3
What is the ten thousands digit of 14023?
1
What is the tens digit of 2933690?
9
What is the tens digit of 687060?
6
What is the millions digit of 5938802?
5
What is the hundreds digit of 2884726?
7
What is the tens digit of 104018?
1
What is the hundred thousands digit of 164437?
1
What is the tens digit of 12934?
3
What is the millions digit of 1931888?
1
What is the millions digit of 1013257?
1
What is the hundreds digit of 126898?
8
What is the units digit of 1445115?
5
What is the ten thousands digit of 842527?
4
What is the tens digit of 38338968?
6
What is the units digit of 6331502?
2
What is the thousands digit of 308164?
8
What is the thousands digit of 165901?
5
What is the tens digit of 5903722?
2
What is the thousands digit of 3141069?
1
What is the hundreds digit of 1268549?
5
What is the units digit of 9362346?
6
What is the thousands digit of 118122?
8
What is the ten thousands digit of 422701?
2
What is the units digit of 43747?
7
What is the units digit of 832809?
9
What is the hundred thousands digit of 10324097?
3
What is the hundreds digit of 714958?
9
What is the hundreds digit of 1188175?
1
What is the tens digit of 383221?
2
What is the ten thousands digit of 6834208?
3
What is the ten thousands digit of 1638684?
3
What is the thousands digit of 173895?
3
What is the tens digit of 994145?
4
What is the ten thousands digit of 9044699?
4
What is the ten thousands digit of 66268?
6
What is the hundreds digit of 535657?
6
What is the hundred thousands digit of 6707704?
7
What is the thousands digit of 556133?
6
What is the thousands digit of 9551813?
1
What is the thousands digit of 632594?
2
What is the thousands digit of 568233?
8
What is the hundred thousands digit of 709251?
7
What is the millions digit of 1427234?
1
What is the hundred thousands digit of 3487896?
4
What is the hundreds digit of 8255707?
7
What is the millions digit of 2060855?
2
What is the hundreds digit of 177503?
5
What is the thousands digit of 9090459?
0
What is the thousands digit of 8140960?
0
What is the thousands digit of 6281700?
1
What is the units digit of 764741?
1
What is the units digit of 5096891?
1
What is the hundred thousands digit of 946330?
9
What is the hundreds digit of 246450?
4
What is the hundred thousands digit of 3650651?
6
What is the thousands digit of 14562440?
2
What is the hundreds digit of 37566?
5
What is the millions digit of 3565064?
3
What is the units digit of 483836?
6
What is the thousands digit of 533998?
3
What is the units digit of 80723?
3
What is the tens digit of 123468?
6
What is the hundred thousands digit of 269491?
2
What is the ten thousands digit of 1090673?
9
What is the millions digit of 3079602?
3
What is the hundreds digit of 11599965?
9
What is the millions digit of 2087703?
2
What is the hundreds digit of 300015?
0
What is the thousands digit of 7695103?
5
What is the millions digit of 7789257?
7
What is the thousands digit of 3338621?
8
What is the ten thousands digit of 3629325?
2
What is the units digit of 853146?
6
What is the thousands digit of 1933175?
3
What is the thousands digit of 9127958?
7
What is the millions digit of 10225017?
0
What is the units digit of 2199673?
3
What is the ten thousands digit of 108267?
0
What is the hundreds digit of 427634?
6
What is the ten millions digit of 12181254?
1
What is the millions digit of 1267369?
1
What is the ten thousands digit of 1150423?
5
What is the thousands digit of 923357?
3
What is the ten thousands digit of 314788?
1
What is the thousands digit of 527047?
7
What is the tens digit of 216815?
1
What is the units digit of 226600?
0
What is the thousands digit of 2071698?
1
What is the units digit of 104334?
4
What is the millions digit of 1871545?
1
What is the units digit of 1335591?
1
What is the thousands digit of 3928242?
8
What is the hundreds digit of 1987579?
5
What is the ten thousands digit of 5688738?
8
What is the thousands digit of 268936?
8
What is the units digit of 32278?
8
What is the tens digit of 3093375?
7
What is the ten thousands digit of 4324483?
2
What is the hundreds digit of 41712?
7
What is the hundreds digit of 3426285?
2
What is the hundred thousands digit of 30023236?
0
What is the ten millions digit of 13756485?
1
What is the ten thousands digit of 624103?
2
What is the units digit of 4388646?
6
What is the thousands digit of 987659?
7
Wh